{"id":806,"date":"2019-08-12T11:10:55","date_gmt":"2019-08-12T11:10:55","guid":{"rendered":"https:\/\/biagiotti.qodeinteractive.com\/?page_id=806"},"modified":"2025-11-17T10:01:00","modified_gmt":"2025-11-17T10:01:00","slug":"intrebari-frecvente","status":"publish","type":"page","link":"https:\/\/kaelisse.com\/index.php\/intrebari-frecvente\/","title":{"rendered":"Intrebari frecvente"},"content":{"rendered":"\t\t<div data-elementor-type=\"wp-page\" data-elementor-id=\"806\" class=\"elementor elementor-806\" data-elementor-post-type=\"page\">\n\t\t\t\t\t\t<section class=\"elementor-section elementor-top-section elementor-element elementor-element-70ac6a7 elementor-section-boxed elementor-section-height-default elementor-section-height-default mkdf-parallax-row-no mkdf-content-aligment-left mkdf-row-grid-no mkdf-disabled-bg-image-bellow-no\" data-id=\"70ac6a7\" data-element_type=\"section\">\n\t\t\t\t\t\t<div class=\"elementor-container elementor-column-gap-default\">\n\t\t\t\t\t<div class=\"elementor-column elementor-col-100 elementor-top-column elementor-element elementor-element-c3d91a3\" data-id=\"c3d91a3\" data-element_type=\"column\">\n\t\t\t<div class=\"elementor-widget-wrap elementor-element-populated\">\n\t\t\t\t\t\t<div class=\"elementor-element elementor-element-13007b3 elementor-widget elementor-widget-spacer\" data-id=\"13007b3\" data-element_type=\"widget\" data-widget_type=\"spacer.default\">\n\t\t\t\t\t\t\t<div class=\"elementor-spacer\">\n\t\t\t<div class=\"elementor-spacer-inner\"><\/div>\n\t\t<\/div>\n\t\t\t\t\t\t<\/div>\n\t\t\t\t\t<\/div>\n\t\t<\/div>\n\t\t\t\t\t<\/div>\n\t\t<\/section>\n\t\t\t\t<section class=\"elementor-section elementor-top-section elementor-element elementor-element-37c10d8 elementor-section-boxed elementor-section-height-default elementor-section-height-default mkdf-parallax-row-no mkdf-content-aligment-left mkdf-row-grid-no mkdf-disabled-bg-image-bellow-no\" data-id=\"37c10d8\" data-element_type=\"section\">\n\t\t\t\t\t\t<div class=\"elementor-container elementor-column-gap-default\">\n\t\t\t\t\t<div class=\"elementor-column elementor-col-100 elementor-top-column elementor-element elementor-element-f8b2423\" data-id=\"f8b2423\" data-element_type=\"column\">\n\t\t\t<div class=\"elementor-widget-wrap elementor-element-populated\">\n\t\t\t\t\t\t<div class=\"elementor-element elementor-element-02f4e8a elementor-widget-divider--view-line elementor-widget elementor-widget-divider\" data-id=\"02f4e8a\" data-element_type=\"widget\" data-widget_type=\"divider.default\">\n\t\t\t\t\t\t\t<div class=\"elementor-divider\">\n\t\t\t<span class=\"elementor-divider-separator\">\n\t\t\t\t\t\t<\/span>\n\t\t<\/div>\n\t\t\t\t\t\t<\/div>\n\t\t\t\t\t<\/div>\n\t\t<\/div>\n\t\t\t\t\t<\/div>\n\t\t<\/section>\n\t\t\t\t<section class=\"elementor-section elementor-top-section elementor-element elementor-element-dd16d70 elementor-section-boxed elementor-section-height-default elementor-section-height-default mkdf-parallax-row-no mkdf-content-aligment-left mkdf-row-grid-no mkdf-disabled-bg-image-bellow-no\" data-id=\"dd16d70\" data-element_type=\"section\">\n\t\t\t\t\t\t<div class=\"elementor-container elementor-column-gap-default\">\n\t\t\t\t\t<div class=\"elementor-column elementor-col-100 elementor-top-column elementor-element elementor-element-95db067\" data-id=\"95db067\" data-element_type=\"column\">\n\t\t\t<div class=\"elementor-widget-wrap elementor-element-populated\">\n\t\t\t\t\t\t\t<\/div>\n\t\t<\/div>\n\t\t\t\t\t<\/div>\n\t\t<\/section>\n\t\t<div class=\"elementor-element elementor-element-3fb38dc e-flex e-con-boxed e-con e-parent\" data-id=\"3fb38dc\" data-element_type=\"container\">\n\t\t\t\t\t<div class=\"e-con-inner\">\n\t\t\t\t<div class=\"elementor-element elementor-element-b1887f9 elementor-widget elementor-widget-text-editor\" data-id=\"b1887f9\" data-element_type=\"widget\" data-widget_type=\"text-editor.default\">\n\t\t\t\t\t\t\t\t\t<h3>1. Pot s\u0103 \u00eemi creez propriul parfum de la zero?<\/h3>\t\t\t\t\t\t\t\t<\/div>\n\t\t\t\t<div class=\"elementor-element elementor-element-fe3b755 elementor-widget elementor-widget-text-editor\" data-id=\"fe3b755\" data-element_type=\"widget\" data-widget_type=\"text-editor.default\">\n\t\t\t\t\t\t\t\t\t<p>Da. \u00cen atelierul KAELISSE po\u021bi alege oricare dintre cele 11 esen\u021be artizanale \u0219i le po\u021bi combina dup\u0103 preferin\u021bele tale, sub \u00eendrumarea speciali\u0219tilor no\u0219tri.<\/p>\t\t\t\t\t\t\t\t<\/div>\n\t\t\t\t\t<\/div>\n\t\t\t\t<\/div>\n\t\t<div class=\"elementor-element elementor-element-3e3aa50 e-flex e-con-boxed e-con e-parent\" data-id=\"3e3aa50\" data-element_type=\"container\">\n\t\t\t\t\t<div class=\"e-con-inner\">\n\t\t\t\t<div class=\"elementor-element elementor-element-0750818 elementor-widget elementor-widget-text-editor\" data-id=\"0750818\" data-element_type=\"widget\" data-widget_type=\"text-editor.default\">\n\t\t\t\t\t\t\t\t\t<h3>2. C\u00e2t dureaz\u0103 procesul de creare a parfumului personalizat?<\/h3>\t\t\t\t\t\t\t\t<\/div>\n\t\t\t\t<div class=\"elementor-element elementor-element-7f57628 elementor-widget elementor-widget-text-editor\" data-id=\"7f57628\" data-element_type=\"widget\" data-widget_type=\"text-editor.default\">\n\t\t\t\t\t\t\t\t\t<p>Experien\u021ba dureaz\u0103, \u00een medie, \u00eentre 10 \u0219i 30 de minute, \u00een func\u021bie de complexitatea combina\u021biei \u0219i de testele de miros.<\/p>\t\t\t\t\t\t\t\t<\/div>\n\t\t\t\t\t<\/div>\n\t\t\t\t<\/div>\n\t\t<div class=\"elementor-element elementor-element-988095e e-flex e-con-boxed e-con e-parent\" data-id=\"988095e\" data-element_type=\"container\">\n\t\t\t\t\t<div class=\"e-con-inner\">\n\t\t\t\t<div class=\"elementor-element elementor-element-dcf0447 elementor-widget elementor-widget-text-editor\" data-id=\"dcf0447\" data-element_type=\"widget\" data-widget_type=\"text-editor.default\">\n\t\t\t\t\t\t\t\t\t<h3>3.Pot oferi un parfum personalizat cadou?<\/h3>\t\t\t\t\t\t\t\t<\/div>\n\t\t\t\t<div class=\"elementor-element elementor-element-63921e4 elementor-widget elementor-widget-text-editor\" data-id=\"63921e4\" data-element_type=\"widget\" data-widget_type=\"text-editor.default\">\n\t\t\t\t\t\t\t\t\t<p>Desigur. Avem vouchere-cadou speciale, astfel \u00eenc\u00e2t persoana drag\u0103 s\u0103 poat\u0103 veni \u0219i s\u0103-\u0219i creeze propriul parfum la KAELISSE<\/p>\t\t\t\t\t\t\t\t<\/div>\n\t\t\t\t\t<\/div>\n\t\t\t\t<\/div>\n\t\t<div class=\"elementor-element elementor-element-7b282df e-flex e-con-boxed e-con e-parent\" data-id=\"7b282df\" data-element_type=\"container\">\n\t\t\t\t\t<div class=\"e-con-inner\">\n\t\t\t\t<div class=\"elementor-element elementor-element-9844f3c elementor-widget elementor-widget-text-editor\" data-id=\"9844f3c\" data-element_type=\"widget\" data-widget_type=\"text-editor.default\">\n\t\t\t\t\t\t\t\t\t<h3>4.Esen\u021bele folosite sunt naturale?<\/h3>\t\t\t\t\t\t\t\t<\/div>\n\t\t\t\t<div class=\"elementor-element elementor-element-e8464a1 elementor-widget elementor-widget-text-editor\" data-id=\"e8464a1\" data-element_type=\"widget\" data-widget_type=\"text-editor.default\">\n\t\t\t\t\t\t\t\t\t<p>Da, lucr\u0103m doar cu esen\u021be atent selec\u021bionate recunoscute pentru calitatea \u0219i puritatea ingredientelor.<\/p>\t\t\t\t\t\t\t\t<\/div>\n\t\t\t\t\t<\/div>\n\t\t\t\t<\/div>\n\t\t<div class=\"elementor-element elementor-element-b8c6af2 e-flex e-con-boxed e-con e-parent\" data-id=\"b8c6af2\" data-element_type=\"container\">\n\t\t\t\t\t<div class=\"e-con-inner\">\n\t\t\t\t<div class=\"elementor-element elementor-element-363eb3d elementor-widget elementor-widget-text-editor\" data-id=\"363eb3d\" data-element_type=\"widget\" data-widget_type=\"text-editor.default\">\n\t\t\t\t\t\t\t\t\t<h3>5.Pot comanda online parfumul meu personalizat?<\/h3>\t\t\t\t\t\t\t\t<\/div>\n\t\t\t\t<div class=\"elementor-element elementor-element-f6c0c8f elementor-widget elementor-widget-text-editor\" data-id=\"f6c0c8f\" data-element_type=\"widget\" data-widget_type=\"text-editor.default\">\n\t\t\t\t\t\t\t\t\t<p>Momentan nu.<\/p>\t\t\t\t\t\t\t\t<\/div>\n\t\t\t\t<div class=\"elementor-element elementor-element-7c346c2 elementor-widget-divider--view-line elementor-widget elementor-widget-divider\" data-id=\"7c346c2\" data-element_type=\"widget\" data-widget_type=\"divider.default\">\n\t\t\t\t\t\t\t<div class=\"elementor-divider\">\n\t\t\t<span class=\"elementor-divider-separator\">\n\t\t\t\t\t\t<\/span>\n\t\t<\/div>\n\t\t\t\t\t\t<\/div>\n\t\t\t\t\t<\/div>\n\t\t\t\t<\/div>\n\t\t\t\t<\/div>\n\t\t","protected":false},"excerpt":{"rendered":"<p>1. Pot s\u0103 \u00eemi creez propriul parfum de la zero? Da. \u00cen atelierul KAELISSE po\u021bi alege oricare dintre cele 11 esen\u021be artizanale \u0219i le po\u021bi combina dup\u0103 preferin\u021bele tale, sub \u00eendrumarea speciali\u0219tilor no\u0219tri. 2. C\u00e2t dureaz\u0103 procesul de creare a [&hellip;]<\/p>\n","protected":false},"author":1,"featured_media":0,"parent":0,"menu_order":0,"comment_status":"closed","ping_status":"closed","template":"","meta":{"footnotes":""},"class_list":["post-806","page","type-page","status-publish","hentry"],"yoast_head":"<!-- This site is optimized with the Yoast SEO plugin v26.2 - https:\/\/yoast.com\/wordpress\/plugins\/seo\/ -->\n<title>Intrebari frecvente - Kaelisse Perfume Bar<\/title>\n<meta name=\"robots\" content=\"index, follow, max-snippet:-1, max-image-preview:large, max-video-preview:-1\" \/>\n<link rel=\"canonical\" href=\"https:\/\/kaelisse.com\/index.php\/intrebari-frecvente\/\" \/>\n<meta property=\"og:locale\" content=\"en_US\" \/>\n<meta property=\"og:type\" content=\"article\" \/>\n<meta property=\"og:title\" content=\"Intrebari frecvente - Kaelisse Perfume Bar\" \/>\n<meta property=\"og:description\" content=\"1. Pot s\u0103 \u00eemi creez propriul parfum de la zero? Da. \u00cen atelierul KAELISSE po\u021bi alege oricare dintre cele 11 esen\u021be artizanale \u0219i le po\u021bi combina dup\u0103 preferin\u021bele tale, sub \u00eendrumarea speciali\u0219tilor no\u0219tri. 2. C\u00e2t dureaz\u0103 procesul de creare a [&hellip;]\" \/>\n<meta property=\"og:url\" content=\"https:\/\/kaelisse.com\/index.php\/intrebari-frecvente\/\" \/>\n<meta property=\"og:site_name\" content=\"Kaelisse Perfume Bar\" \/>\n<meta property=\"article:publisher\" content=\"https:\/\/www.facebook.com\/kaelisse.perfume.bar\" \/>\n<meta property=\"article:modified_time\" content=\"2025-11-17T10:01:00+00:00\" \/>\n<meta name=\"twitter:card\" content=\"summary_large_image\" \/>\n<meta name=\"twitter:label1\" content=\"Est. reading time\" \/>\n\t<meta name=\"twitter:data1\" content=\"1 minute\" \/>\n<script type=\"application\/ld+json\" class=\"yoast-schema-graph\">{\"@context\":\"https:\/\/schema.org\",\"@graph\":[{\"@type\":\"WebPage\",\"@id\":\"https:\/\/kaelisse.com\/index.php\/intrebari-frecvente\/\",\"url\":\"https:\/\/kaelisse.com\/index.php\/intrebari-frecvente\/\",\"name\":\"Intrebari frecvente - Kaelisse Perfume Bar\",\"isPartOf\":{\"@id\":\"https:\/\/kaelisse.com\/#website\"},\"datePublished\":\"2019-08-12T11:10:55+00:00\",\"dateModified\":\"2025-11-17T10:01:00+00:00\",\"breadcrumb\":{\"@id\":\"https:\/\/kaelisse.com\/index.php\/intrebari-frecvente\/#breadcrumb\"},\"inLanguage\":\"en-US\",\"potentialAction\":[{\"@type\":\"ReadAction\",\"target\":[\"https:\/\/kaelisse.com\/index.php\/intrebari-frecvente\/\"]}]},{\"@type\":\"BreadcrumbList\",\"@id\":\"https:\/\/kaelisse.com\/index.php\/intrebari-frecvente\/#breadcrumb\",\"itemListElement\":[{\"@type\":\"ListItem\",\"position\":1,\"name\":\"Home\",\"item\":\"https:\/\/kaelisse.com\/\"},{\"@type\":\"ListItem\",\"position\":2,\"name\":\"Intrebari frecvente\"}]},{\"@type\":\"WebSite\",\"@id\":\"https:\/\/kaelisse.com\/#website\",\"url\":\"https:\/\/kaelisse.com\/\",\"name\":\"Kaelisse Perfume Bar\",\"description\":\"Kaelisse Perfume Bar\",\"publisher\":{\"@id\":\"https:\/\/kaelisse.com\/#organization\"},\"potentialAction\":[{\"@type\":\"SearchAction\",\"target\":{\"@type\":\"EntryPoint\",\"urlTemplate\":\"https:\/\/kaelisse.com\/?s={search_term_string}\"},\"query-input\":{\"@type\":\"PropertyValueSpecification\",\"valueRequired\":true,\"valueName\":\"search_term_string\"}}],\"inLanguage\":\"en-US\"},{\"@type\":\"Organization\",\"@id\":\"https:\/\/kaelisse.com\/#organization\",\"name\":\"Kaelisse Perfume Bar\",\"url\":\"https:\/\/kaelisse.com\/\",\"logo\":{\"@type\":\"ImageObject\",\"inLanguage\":\"en-US\",\"@id\":\"https:\/\/kaelisse.com\/#\/schema\/logo\/image\/\",\"url\":\"https:\/\/kaelisse.com\/wp-content\/uploads\/2025\/11\/Logo.jpg\",\"contentUrl\":\"https:\/\/kaelisse.com\/wp-content\/uploads\/2025\/11\/Logo.jpg\",\"width\":512,\"height\":512,\"caption\":\"Kaelisse Perfume Bar\"},\"image\":{\"@id\":\"https:\/\/kaelisse.com\/#\/schema\/logo\/image\/\"},\"sameAs\":[\"https:\/\/www.facebook.com\/kaelisse.perfume.bar\"]}]}<\/script>\n<!-- \/ Yoast SEO plugin. -->","yoast_head_json":{"title":"Intrebari frecvente - Kaelisse Perfume Bar","robots":{"index":"index","follow":"follow","max-snippet":"max-snippet:-1","max-image-preview":"max-image-preview:large","max-video-preview":"max-video-preview:-1"},"canonical":"https:\/\/kaelisse.com\/index.php\/intrebari-frecvente\/","og_locale":"en_US","og_type":"article","og_title":"Intrebari frecvente - Kaelisse Perfume Bar","og_description":"1. Pot s\u0103 \u00eemi creez propriul parfum de la zero? Da. \u00cen atelierul KAELISSE po\u021bi alege oricare dintre cele 11 esen\u021be artizanale \u0219i le po\u021bi combina dup\u0103 preferin\u021bele tale, sub \u00eendrumarea speciali\u0219tilor no\u0219tri. 2. C\u00e2t dureaz\u0103 procesul de creare a [&hellip;]","og_url":"https:\/\/kaelisse.com\/index.php\/intrebari-frecvente\/","og_site_name":"Kaelisse Perfume Bar","article_publisher":"https:\/\/www.facebook.com\/kaelisse.perfume.bar","article_modified_time":"2025-11-17T10:01:00+00:00","twitter_card":"summary_large_image","twitter_misc":{"Est. reading time":"1 minute"},"schema":{"@context":"https:\/\/schema.org","@graph":[{"@type":"WebPage","@id":"https:\/\/kaelisse.com\/index.php\/intrebari-frecvente\/","url":"https:\/\/kaelisse.com\/index.php\/intrebari-frecvente\/","name":"Intrebari frecvente - Kaelisse Perfume Bar","isPartOf":{"@id":"https:\/\/kaelisse.com\/#website"},"datePublished":"2019-08-12T11:10:55+00:00","dateModified":"2025-11-17T10:01:00+00:00","breadcrumb":{"@id":"https:\/\/kaelisse.com\/index.php\/intrebari-frecvente\/#breadcrumb"},"inLanguage":"en-US","potentialAction":[{"@type":"ReadAction","target":["https:\/\/kaelisse.com\/index.php\/intrebari-frecvente\/"]}]},{"@type":"BreadcrumbList","@id":"https:\/\/kaelisse.com\/index.php\/intrebari-frecvente\/#breadcrumb","itemListElement":[{"@type":"ListItem","position":1,"name":"Home","item":"https:\/\/kaelisse.com\/"},{"@type":"ListItem","position":2,"name":"Intrebari frecvente"}]},{"@type":"WebSite","@id":"https:\/\/kaelisse.com\/#website","url":"https:\/\/kaelisse.com\/","name":"Kaelisse Perfume Bar","description":"Kaelisse Perfume Bar","publisher":{"@id":"https:\/\/kaelisse.com\/#organization"},"potentialAction":[{"@type":"SearchAction","target":{"@type":"EntryPoint","urlTemplate":"https:\/\/kaelisse.com\/?s={search_term_string}"},"query-input":{"@type":"PropertyValueSpecification","valueRequired":true,"valueName":"search_term_string"}}],"inLanguage":"en-US"},{"@type":"Organization","@id":"https:\/\/kaelisse.com\/#organization","name":"Kaelisse Perfume Bar","url":"https:\/\/kaelisse.com\/","logo":{"@type":"ImageObject","inLanguage":"en-US","@id":"https:\/\/kaelisse.com\/#\/schema\/logo\/image\/","url":"https:\/\/kaelisse.com\/wp-content\/uploads\/2025\/11\/Logo.jpg","contentUrl":"https:\/\/kaelisse.com\/wp-content\/uploads\/2025\/11\/Logo.jpg","width":512,"height":512,"caption":"Kaelisse Perfume Bar"},"image":{"@id":"https:\/\/kaelisse.com\/#\/schema\/logo\/image\/"},"sameAs":["https:\/\/www.facebook.com\/kaelisse.perfume.bar"]}]}},"_links":{"self":[{"href":"https:\/\/kaelisse.com\/index.php\/wp-json\/wp\/v2\/pages\/806","targetHints":{"allow":["GET"]}}],"collection":[{"href":"https:\/\/kaelisse.com\/index.php\/wp-json\/wp\/v2\/pages"}],"about":[{"href":"https:\/\/kaelisse.com\/index.php\/wp-json\/wp\/v2\/types\/page"}],"author":[{"embeddable":true,"href":"https:\/\/kaelisse.com\/index.php\/wp-json\/wp\/v2\/users\/1"}],"replies":[{"embeddable":true,"href":"https:\/\/kaelisse.com\/index.php\/wp-json\/wp\/v2\/comments?post=806"}],"version-history":[{"count":30,"href":"https:\/\/kaelisse.com\/index.php\/wp-json\/wp\/v2\/pages\/806\/revisions"}],"predecessor-version":[{"id":5655,"href":"https:\/\/kaelisse.com\/index.php\/wp-json\/wp\/v2\/pages\/806\/revisions\/5655"}],"wp:attachment":[{"href":"https:\/\/kaelisse.com\/index.php\/wp-json\/wp\/v2\/media?parent=806"}],"curies":[{"name":"wp","href":"https:\/\/api.w.org\/{rel}","templated":true}]}}